 remainder when c(d) is divided by 13.
11
Suppose -2*l - 3*l = 0, 4*n - 176 = -l. What is the remainder when 1273 is divided by n?
41
Let k = -121 + 278. Calculate the remainder when k is divided by 16.
13
Let f(w) = 31*w**2 + 25*w - 56. Let y = -49 + 73. Calculate the remainder when f(2) is divided by y.
22
Suppose -5*z = -3*h - 753, 452 = 3*z - h - h. Calculate the remainder when z is divided by 53.
44
Calculate the remainder when 130 is divided by (28/3)/(28/126).
4
Let z = -354 - -267. Let p = z - -107. Suppose -4*w = -0*w - 308. What is the remainder when w is divided by p?
17
Calculate the remainder when 163 is divided by (9/(-54)*-100)/(2/3).
13
Let h = -1187 - -1212. What is the remainder when 246 is divided by h?
21
Let r(z) = -z**3 + 9*z**2 - 9*z + 8. Suppose 55*x + 12 = 57*x. Let u = 13 - 0. Calculate the remainder when r(x) is divided by u.
10
Let o be ((-35)/10)/(2/(-4)). Suppose o = c + 2. Suppose 5*i - 5*k - 76 - 39 = 0, -c*i - k = -121. Calculate the remainder when 95 is divided by i.
23
Suppose -c = -2*c + 2*j + 20, 0 = 4*c + 2*j - 50. Let y be (-3)/4 - (-171)/36. What is the remainder when -2 - (y + (-31 - -1)) is divided by c?
10
Suppose -65 = 4*c - 3*a, c = 3*a - 1 - 4. Let k = -51 - -48. Calculate the remainder when 34 is divided by (90/c)/(k/8).
10
Let a(p) = 6*p**2 - 4*p + 55. Let n(d) be the third derivative of -d**4/6 - d**3/6 - d**2. What is the remainder when a(0) is divided by n(-5)?
17
Let f = -266 + 440. What is the remainder when f is divided by 22?
20
Suppose 3*w - 3*h - 30 = 0, -h - 2*h = -w. Let z be 0 + (44 - 4/4). Calculate the remainder when (-1 - -4)*z/3 is divided by w.
13
Suppose -3*h - 55 + 145 = -4*o, 5*h - 139 = 3*o. Let y(v) = -v**2 - v + 129. Calculate the remainder when y(0) is divided by h.
25
Suppose 29 = -4*a + 85. Let j = 69 - 39. What is the remainder when j is divided by a?
2
Suppose 0 = 3*w - 5*w + 16. Suppose 0 = w*l - 705 - 559. What is the remainder when l is divided by 32?
30
Let c(t) = 9*t + 26. Let h be c(6). Suppose -10*z + 6*z = -h. Let w = 149 - 92. What is the remainder when w is divided by z?
17
Suppose -3*u = -2*m - 3, 4*u - 4 = -5*m - 0. Suppose 55 = 5*z + 3*o + 2*o, -4*z - 2*o + 54 = m. Calculate the remainder when 31 is divided by z.
15
Suppose z + 293 - 1739 = 5*h, 5669 = 4*z + 3*h. What is the remainder when z is divided by 75?
71
Let f = 45 - 20. Suppose -22*z - 36 = -f*z. What is the remainder when 45 is divided by z?
9
Let b(k) = -k**2 + 29*k - 49. Calculate the remainder when b(26) is divided by 4.
1
Suppose -2*b - w + 10 - 3 = 0, 2*w - 16 = -5*b. Suppose b*a - 4 - 2 = 0. Suppose 0 = -a*q + 19 + 8. Calculate the remainder when q is divided by 5.
4
Suppose -4*d - o - 4 + 14 = 0, 4*d - 5*o - 22 = 0. Suppose -d = -z - 1. What is the remainder when 28 is divided by 11 + z/(4/(-6))?
4
Suppose 4*p - 40 = -8. Calculate the remainder when 28 is divided by p.
4
Let j be (-4)/(-10) - (-253)/55. What is the remainder when 92 is divided by -2 + 48 - 1/(j/(-5))?
45
Let g = -1 - -7. Suppose -2*u = -g*u - 4. What is the remainder when 81 is divided by 1 + (u - -21)/1?
18
Let u(h) = 2*h - 63. Let p(c) = -c + 31. Let t(g) = 13*p(g) + 6*u(g). What is the remainder when 193/3 + 6/9 is divided by t(8)?
14
Suppose 683 = 3*u + 4*w, -9*w + 1115 = 5*u - 14*w. Calculate the remainder when u is divided by 13.
4
Suppose 2*t = 0, 147 = 3*f - 4*t + 3*t. Calculate the remainder when 176 is divided by f.
29
Suppose v - 2*w = -3*w + 112, 0 = -3*v + 4*w + 315. What is the remainder when v is divided by 7?
4
Suppose a + 2*p + 0*p - 61 = 0, 0 = 3*a + 2*p - 203. Calculate the remainder when a is divided by 19.
14
Suppose 0*f - f = 4*j - 60, 3*f = -5*j + 68. Suppose 3*i + 8 = -j. Calculate the remainder when 44 + (-4)/(-8)*i is divided by 14.
12
Let y(w) = -10*w + 1. Let h be 0 + -1 + (-14)/(-2). Let d be y(h). Let k = 92 + d. Calculate the remainder when 96 is divided by k.
30
Suppose 32*b = -h + 35*b + 70, -70 = -h - 3*b. What is the remainder when h is divided by 21?
7
Let z be (3/(-2))/((-3)/28). Let q = -8 - -4. What is the remainder when (q/z)/((-1)/329) is divided by 19?
18
Let i = -5 + 22. Let z = i + 5. Suppose 3*n - 30 = 2*a, 0 = n + n - 5*a - 31. Calculate the remainder when z is divided by n.
6
Let h = 1532 - 1485. What is the remainder when 172 is divided by h?
31
Let q = 2185 - 2047. Calculate the remainder when q is divided by 34.
2
Let v(b) be the first derivative of b**3 + b**2/2 + 5*b - 16. Calculate the remainder when v(4) is divided by 31.
26
Suppose 0 = 178*k - 176*k - 18. What is the remainder when 32 is divided by k?
5
Let g = -23 - -45. Suppose -a - 30 = o - 4*o, -10 = 5*o. Let m = -24 - a. Calculate the remainder when g is divided by m.
10
Let t be -1*(-1 + (-3 - 1)). Suppose 14*a = 19*a - t. Calculate the remainder when 3 is divided by a.
0
Let w(q) = -q**3 - 25*q**2 - 69*q - 37. Calculate the remainder when 42 is divided by w(-22).
13
Suppose 0 = 2*y + 4*l - 32, y - 16 = -0*y - l. Calculate the remainder when 23 is divided by y.
7
Let a be 1*(1 - (4 + -2)). Let w(u) = -u**3 + 11*u**2 + 2*u - 5. Calculate the remainder when ((-1)/a)/((-3)/(-87)) is divided by w(11).
12
Suppose 0 = -3*s + 137 + 40. Let m = s + -50. What is the remainder when 33 is divided by m?
6
Suppose 0 = 2*m - 2, 4*b + 0*b + 3*m = 127. Let a = b + -13. What is the remainder when (-274)/(-4) + 1 + (-7)/(-14) is divided by a?
16
Let j be (-22)/77 + -214*(-3)/42. Suppose 11*s + 76 = j*s. What is the remainder when s is divided by 11?
8
Suppose -12*b - 2 = -2*a - 7*b, 3*b = 6. Calculate the remainder when 28 is divided by a.
4
Suppose 4*l - 116 = 56. Calculate the remainder when l is divided by 25.
18
Let k(j) = -j + 3. Let y be k(7). Let d = y - -18. Calculate the remainder when d is divided by (-5)/((-15)/6) + 3.
4
Let b = 5 + 9. Suppose l = 196 + 607. Suppose 11*r + 198 = l. What is the remainder when r is divided by b?
13
Let b(p) = -4*p**3 + p**2. Let f be b(-1). Suppose 5*h = f*t - 0*h - 50, 5*t + 4*h = 59. Calculate the remainder when (-226)/(-7) + (-4)/14 is divided by t.
10
Suppose -17*f - 256 = -528. Calculate the remainder when 42 is divided by f.
10
Suppose -2*l + 3*t - 10 = 0, 0 = 2*l + 4*t - 4. Suppose 3*z + 10 = -4*g, 0*g + z + 4 = -2*g. Calculate the remainder when 14 is divided by (l/g)/(4/8).
2
Let w(q) = -q**3 + 8*q**2 - 8*q + 23. Let b be w(7). Calculate the remainder when 34 is divided by -2*b/28*14/(-4).
2
Let u = -32 + -125. Let j = -84 - u. What is the remainder when j is divided by 25?
23
Let m = -197 + 276. Let i = m - 47. What is the remainder when i is divided by 24 - 2 - (7 + -2)?
15
Let g be (-2)/(-5) - 52/(-20). Suppose -f + 24 = g*f. What is the remainder when f is divided by -7*(10 - (-72)/(-7))?
0
Suppose -g + 71 = 5*p, 0 - 1 = -g. Calculate the remainder when 3 + -3 + 48 - -5 is divided by p.
11
Suppose -3*u + 4*w = 2*u - 179, -3*u + 109 = -2*w. Suppose 2*j - s = -2*j + 36, 4*j + s - 28 = 0. Let z = j + 2. What is the remainder when u is divided by z?
9
What is the remainder when (-3)/(-9 - (-3120)/350) is divided by 24?
11
Let v = 256 - 208. Calculate the remainder when 526 is divided by v.
46
Let g(s) = 93*s - 1. What is the remainder when g(1) is divided by 10*((-896)/(-40))/7?
28
Suppose 0 = 2*u - 65 + 89. Calculate the remainder when 77 is divided by (-1 + u)/(-1)*(-4)/(-2).
25
Let r = -79 + 184. Suppose 33 = 3*n - r. Calculate the remainder when n is divided by 7.
4
What is the remainder when 490 is divided by 8/(-6) - (-19769)/159?
121
Let o(g) = 35*g + 313. Calculate the remainder when 230 is divided by o(-8).
32
Suppose 15 = 2*r + 5*i - 24, 0 = 3*i + 9. What is the remainder when r is divided by 6?
3
Let w = -1028 - -1039. Suppose 226 = 3*f + 37. Calculate the remainder when f is divided by w.
8
Suppose 16*w = 14*w + 134. Calculate the remainder when w is divided by 12.
7
Let r be 14*(6/4 - 3). Let y = r + 19. Calculate the remainder when y/6 - 37/(-3) is divided by 7.
5
Suppose -5*k + 1269 = 4*s, 359 = 3*k - s - 416. What is the remainder when k is divided by 82?
11
Let v = 596 - 946. Calculate the remainder when 55 is divided by 8/(-10)*v/28.
5
Let i(s) = s**3 - 9*s**2 - 10*s - 3. Let f be i(10). Let a(z) = -6*z + 5. What is the remainder when 91 is divided by a(f)?